t is -6 - -4197a?
41974
In base 7, what is 23160 + -302?
22555
In base 11, what is 4 - 827a2?
-82799
In base 12, what is -5 + 1b7258?
1b7253
In base 3, what is 212 + 220200000?
220200212
In base 7, what is 4 + 125543?
125550
In base 2, what is -101101001111101 - 1001?
-101101010000110
In base 10, what is -209 - -7362?
7153
In base 12, what is -2a + -52?
-80
In base 10, what is 153 - -331?
484
In base 14, what is 4 + 1ac0?
1ac4
In base 8, what is 326471 - 4?
326465
In base 15, what is -74 + -125?
-199
In base 8, what is 1 - 1102437?
-1102436
In base 13, what is -601 + 448?
-186
In base 11, what is -67221 - 3?
-67224
In base 6, what is -1043 - 154?
-1241
In base 10, what is -653 + -1?
-654
In base 6, what is -511 - -2303?
1352
In base 13, what is 1651 + 70?
16c1
In base 15, what is -1b47 - -4b?
-1aeb
In base 15, what is -2 - 37974?
-37976
In base 12, what is -5085 - -89?
-4bb8
In base 9, what is 1 - 24860?
-24858
In base 16, what is 6e45 + 14?
6e59
In base 16, what is 2e0 - 354?
-74
In base 12, what is -744 - -20?
-724
In base 13, what is -17 + -cc0?
-1007
In base 5, what is -1344241 + -10?
-1344301
In base 6, what is 13432 + 43?
13515
In base 8, what is 4 + -172720?
-172714
In base 13, what is 27 + -1ba2?
-1b78
In base 14, what is 32b + 13?
340
In base 4, what is 333313032 + -13?
333313013
In base 12, what is -4 + -943a?
-9442
In base 9, what is 235755 - 3?
235752
In base 3, what is 20112 - 1201102?
-1110220
In base 8, what is -567 + -3003?
-3572
In base 11, what is 6679 + 5?
6683
In base 6, what is -1550500 + -122?
-1551022
In base 10, what is -37329 - 10?
-37339
In base 12, what is -1089 + 71?
-1018
In base 3, what is 11 - -222100120?
222100201
In base 11, what is 393 + -167a?
-1297
In base 13, what is -b06 + -5?
-b0b
In base 7, what is -4 - 101330?
-101334
In base 10, what is 85 + 55?
140
In base 5, what is -220 + 102311?
102041
In base 16, what is 501b + 2c?
5047
In base 4, what is -22 + -10000302?
-10000330
In base 12, what is -a07744 + 4?
-a07740
In base 6, what is -4111520 + 4?
-4111512
In base 14, what is -53 - 319b?
-3210
In base 11, what is 372973 - -4?
372977
In base 5, what is 3 - 103304234?
-103304231
In base 15, what is 4d86 + 3?
4d89
In base 15, what is -16711 + -7?
-16718
In base 15, what is 30b3 - 2?
30b1
In base 9, what is -4 - 26162?
-26166
In base 2, what is 0 - -100001101101001100?
100001101101001100
In base 9, what is -5 + 137636?
137631
In base 7, what is -1454313 - -4?
-1454306
In base 11, what is 10647 + 14?
10660
In base 10, what is 29 - 7756?
-7727
In base 3, what is 220212010 - 201?
220211102
In base 11, what is 353 - -226a?
2612
In base 11, what is -4388 - 10a?
-4497
In base 3, what is -1222122 - -1100200?
-121222
In base 10, what is 10794 + 5?
10799
In base 13, what is -4 - 5b3a?
-5b41
In base 4, what is -12 + 132303300?
132303222
In base 13, what is -8 + -16409?
-16414
In base 8, what is 44076 - 73?
44003
In base 14, what is 13 + -a05?
-9d2
In base 12, what is -26 - -11aa?
1184
In base 4, what is -230 - -12002001?
12001111
In base 11, what is 1032573 + -1?
1032572
In base 3, what is 1110000 - 1002202?
100021
In base 12, what is -43 - -a106?
a083
In base 13, what is 3b6 + -aa2?
-6b9
In base 4, what is -1322 + 303?
-1013
In base 5, what is -144 + 11002?
10303
In base 14, what is -2 - -530?
52c
In base 8, what is -62112 - 7?
-62121
In base 4, what is 220331023 + -13?
220331010
In base 2, what is -10 - 10001100010110100?
-10001100010110110
In base 5, what is 4 - 130432200?
-130432141
In base 6, what is 15 - -12132?
12151
In base 5, what is -3 + -2030210?
-2030213
In base 13, what is 60 + 7bac?
7c3c
In base 12, what is -1317 - -17?
-1300
In base 13, what is -4 - -14027?
14023
In base 5, what is -1103122 + 1?
-1103121
In base 11, what is 5 + -5aa2a?
-5aa25
In base 7, what is -1013 + -60?
-1103
In base 13, what is 12 + -84?
-72
In base 8, what is 4315 - 10?
4305
In base 12, what is -2 - 48aa?
-48b0
In base 7, what is 466 + -1213?
-414
In base 4, what is -10 + -100231?
-100301
In base 6, what is -104 + -20214?
-20322
In base 2, what is -1010001000 + -101001101?
-1111010101
In base 11, what is 2 + -9820?
-9819
In base 7, what is 0 + -23420?
-23420
In base 16, what is -5857a - -10?
-5856a
In base 12, what is 591 + -264?
329
In base 4, what is 13 - 31?
-12
In base 3, what is 10 + 2110101111000?
2110101111010
In base 9, what is -104673 + 0?
-104673
In base 8, what is 22 - -23627?
23651
In base 15, what is -32 - -982a?
97e8
In base 5, what is 1142443432 - -10?
1142443442
In base 13, what is 377708 - 2?
377706
In base 3, what is -1200000 + -121122?
-2021122
In base 4, what is 1013 - 13300?
-12221
In base 3, what is -2222212210 - -110?
-2222212100
In base 11, what is -2 + -4258?
-425a
In base 15, what is -3226 + 3b?
-31da
In base 4, what is -10030310 - 1013?
-10031323
In base 7, what is -263 + 145?
-115
In base 14, what is 9 - -6a823?
6a82c
In base 16, what is -5 - 1c?
-21
In base 4, what is -2023 + 3213?
1130
In base 6, what is -20 + -421240?
-421300
In base 4, what is 112033020 - -10?
112033030
In base 11, what is -24065 - -a?
-24056
In base 15, what is 1954 + 5d?
19b2
In base 3, what is -1222020 + 1?
-1222012
In base 9, what is -15702 + 5?
-15686
In base 9, what is -22718 - 7?
-22726
In base 11, what is 3 + -144398?
-144395
In base 7, what is -201564 + -5?
-201602
In base 10, what is -40876 - -4?
-40872
In base 14, what is 2 - -28c8?
28ca
In base 14, what is 1 - 5278?
-5277
In base 8, what is -6755 - -442?
-6313
In base 6, what is 1 + -414324?
-414323
In base 3, what is -2000022 + -12001?
-2012100
In base 2, what is 1 + 110001011001001001?
110001011001001010
In base 9, what is -16 - 1460?
-1476
In base 16, what is -17 + 16b?
154
In base 15, what is a53 + 143?
b96
In base 13, what is 23b5 + -4?
23b1
In base 7, what is -502005 + -11?
-502016
In base 9, what is -1413 + 44?
-1358
In base 13, what is 427a + 16?
4293
In base 9, what is -367 - -4805?
4427
In base 6, what is 144030 - -1?
144031
In base 7, what is 4 - -40600?
40604
In base 5, what is 10341233 + 102?
10341340
In base 14, what is -107 + -89?
-192
In base 4, what is 13233 + -2000?
11233
In base 8, what is -23 + 2307?
2264
In base 2, what is 10111 + 10011?
101010
In base 5, what is 410332 + 1?
410333
In base 16, what is -122 - 4d?
-16f
In base 12, what is -849670 + -2?
-849672
In base 5, what is -21104122 + -2?
-21104124
In base 13, what is -3078b + 0?
-3078b
In base 6, what is -231125 - 201?
-231330
In base 6, what is -21003423 + 1?
-21003422
In base 12, what is 774 - 62?
712
In base 10, what is -14461 - 173?
-14634
In base 15, what is 51b5 - 58?
515c
In base 12, what is -b6 + -360?
-456
In base 6, what is -3343 + -30402?
-34145
In base 7, what is 16200 - 4?
16163
In base 8, what is 1070 + 27?
1117
In base 3, what is 1002120001 - -210?
1002120211
In base 14, what is 0 + -5809?
-5809
In base 5, what is 0 + 21141124?
21141124
In base 10, what is 2 + -2714?
-2712
In base 16, what is -4 - -8f5e?
8f5a
In base 7, what is -266 - -5630?
5331
In base 5, what is 341000 + 413?
341413
In base 4, what is -2312322 + 3?
-2312313
In base 6, what is 454 + 50?
544
In base 11, what is -19492 + -42?
-19524
In base 11, what is a4 - 1617?
-1523
In base 11, what is 5 + 156721?
156726
In base 13, what is 38b26 + 0?
38b26
In base 5, what is 114 - 1243301?
-1243132
In base 11, what is 1a9 - a6?
103
In base 3, what is -2110 - 122101?
-201211
In base 12, what is -2510 - -4?
-2508
In base 7, what is 4313521 + 1?
4313522
In base 9, what is -203 - 410?
-613
In base 7, what is 25451 + 1126?
26610
In base 12, what is -143 + 4a6?
363
In base 10, what is -19 - -4814?
4795
In base 10, what is -3117 + 46?
-3071
In base 11, what is 185 + 414?
599
In base 10, what is -1255 + 889?
-366
In base 2, what is 111101100 + 11?
111101111
In base 4, what is -121 + -223?
-1010
In base 9, what is 103 + -63?
30
In base 8, what is 132 + 22731?
23063
In base 16, what is f30 - -10?
f40
In base 14, what is 17d3b - 1?
17d3a
In base 11, what is -3709 + 3?
-3706
In base 7, what is -24 + 142461?
142434
In base 15, what is -20 - 24d0?
-2500
In base 11, what is -6 + 6a029?
6a023
In base 16, what is 1b453 + 27?
1b47a
In base 14, what is 2871 + -8?
2867
In base 10, what is 2456 - 64?
2392
In base 13, what is -136 - a?
-143
In ba